= -0*x - n. Suppose -175*m = 63*m + 342*m - 23780. What is the highest common divisor of m and x?
41
Suppose 0 = -4*f - 4*z + 1320, -672 = -2*f + 66*z - 70*z. Let h be (-86)/(-7) + (-6)/21. Calculate the highest common factor of h and f.
12
Let w(y) = 2*y**2 + 3*y - 367. Let i be w(-17). What is the highest common divisor of i and 560?
80
Suppose 32 = 3*m + 2*y, 5*m + 3*y = 2*m + 27. Let c be ((-253)/3)/(5/(-30)). Let p = c + -282. Calculate the highest common factor of p and m.
14
Suppose 0 = -0*q - q + 9830 + 1943. What is the highest common divisor of q and 193?
193
Suppose 1127 + 233 = -8*k. Let f be (k/102)/(5/(-54)). What is the greatest common factor of 450 and f?
18
Let r(t) = 2*t**3 - t**2 - 2*t - 2. Let y(q) = -q**2 - 1. Let d(k) = r(k) + 2*y(k). Let w be d(3). Calculate the highest common divisor of 51 and w.
17
Suppose 243 = 2*r - 6*f + f, 123 = r - f. Let q = r + -5. Suppose 5*y - 15 = 70. Calculate the highest common divisor of q and y.
17
Let n be 4 + (-8)/24*-3. Suppose -4*s + 22 = l - n*s, -s + 54 = 3*l. Calculate the highest common factor of l and 4.
1
Suppose 3*f + 10 = 19. Suppose 5*s = 3*h - 68, f*h = h - 5*s + 12. Let n = h - 3. Calculate the greatest common divisor of 104 and n.
13
Let x(t) = -t**3 - 9*t**2 + 185*t + 1687. Let u be x(-14). Suppose -3*q + 43 + 20 = 0. Calculate the greatest common divisor of q and u.
7
Let p = -116 - -118. Let q be (-2 - p)*(-39)/12. Suppose -2*z - 10 = 0, 5*v - 2*z - 3*z = 610. Calculate the greatest common factor of q and v.
13
Suppose 0 = -2*j + 5*g + 32, -3*g = 12*j - 10*j - 48. Calculate the greatest common factor of 111 and j.
3
Let k(t) = 10*t + 9. Suppose 2*h - i + 4*i = 15, -h = -4*i - 13. Let p = h + -5. Let c be k(p). What is the highest common divisor of c and 7?
7
Let g = -13062 + 13140. Calculate the greatest common divisor of g and 5694.
78
Suppose -4*u + h = 16, -3*h = u - 0 - 9. Let w be (u/4)/(15/480). Let l be 3 - ((-122)/12 + (-4)/w). Calculate the greatest common factor of 2 and l.
1
Suppose 0 = -7*y + y + 630. Suppose y - 1377 = -s. Let j be (-3)/5 - s/(-20). What is the highest common divisor of 18 and j?
9
Suppose 0 = -8*l - 4730 + 1362. Let o = l - -452. Calculate the greatest common factor of 31 and o.
31
Suppose -142*k = -144*k - n + 120, 3*k + 4*n = 170. Suppose 0 = u + 2*u - 465. What is the highest common divisor of k and u?
31
Suppose -2*m = -31*t + 30*t + 61, -4*t - 2*m + 194 = 0. Let c be (-2)/(2*(-2)/102). What is the highest common factor of t and c?
51
Suppose 0*d + 3*r + 188 = 5*d, 0 = 3*r + 3. Let s = 42 - d. Suppose -2*c = s*q - 88, 0 = -4*c + 3 - 7. Calculate the greatest common factor of q and 45.
9
Suppose -128 = 8*i + 8*i. Let q be 1 + (4 - -10 - i). Calculate the highest common divisor of 1 and q.
1
Let m = -293 - -573. Let b(k) = -141*k - 947. Let v be b(-7). Calculate the greatest common divisor of v and m.
40
Let x be 4/6 + -3 + 13/3. Suppose 0*d + x*t + 42 = 2*d, 0 = -5*d - 4*t + 78. Calculate the highest common factor of 117 and d.
9
Suppose 0 = 3175*r - 3172*r - 3573. Calculate the highest common factor of 9 and r.
3
Suppose -2*m + 14 = 2*w, -4*m + 17 = -4*w + m. Suppose w*h - 70 = -2*a + 126, 0 = -a - 1. What is the highest common factor of 18 and h?
9
Suppose 8*q = -i + 23879, -5*q - 3*i + 7*i + 14929 = 0. What is the greatest common divisor of 15 and q?
15
Let h = 47 - 41. Let u(k) = 5*k - 26. Let f be u(h). Suppose -f*m - b + 76 = 0, 0 = m - 6*b + 2*b - 2. What is the greatest common factor of 18 and m?
18
Suppose -4*i = -3*c + 377 - 818, 2*i + 5*c - 201 = 0. Calculate the highest common factor of i and 6048.
108
Let c = 3555 - 3152. What is the highest common divisor of 62 and c?
31
Suppose 3*x - 2*t = 77, -4*x + 64 = t - 57. Calculate the greatest common divisor of x and 5655.
29
Suppose -g + 1701 = 5*z, 0 = -773*z + 771*z + g + 679. What is the greatest common divisor of 10880 and z?
340
Let l(j) = -1751*j - 8147. Let i be l(-5). Calculate the greatest common divisor of 342 and i.
38
Suppose -5*v + k + 1279 = -k, -523 = -2*v - 3*k. Let n = v - 246. What is the highest common factor of n and 176?
11
Let f = -9363 - -9534. What is the greatest common factor of 16473 and f?
57
Let x = 3374 + -3338. Suppose -b - 148 = -p - 13, -2*p - 2*b + 258 = 0. Calculate the greatest common divisor of x and p.
12
Let t(r) = 5*r**3 - 6*r**2 - 6*r + 6. Let x be t(2). Calculate the highest common divisor of 435 and x.
5
Suppose 9*y + 64*y = 1314. Suppose -5*u + 3*d - 903 = 0, 0*d = -4*d - 16. Let x = -3 - u. Calculate the highest common divisor of x and y.
18
Let y = -11223 - -12189. What is the highest common divisor of y and 368?
46
Let f(y) = -y**3 - 14*y**2 + 16*y + 25. Let w be f(-15). Let u be (0/2 - -27) + (9 - 6). What is the greatest common divisor of u and w?
10
Let s(d) = 2*d**3 - 27*d**2 - 47*d + 52. Let x be s(18). Suppose -27*b + 8089 = x. Let f = 19 - 2. What is the greatest common factor of b and f?
17
Let d(w) = 233*w**3 - 1. Let q be d(1). Let o = -156 - -185. What is the greatest common factor of q and o?
29
Let m be (4 - (6 - -24))*2/(-4). Let w be (m/(-2))/((-1)/6). Let k be (w/6)/((-2)/(-8)). What is the highest common divisor of k and 65?
13
Let n(f) = 4*f**3 + 59*f**2 - 17*f - 1. Let k be n(-15). Suppose -k*g + 3696 = -21*g. Calculate the greatest common factor of 28 and g.
14
Suppose 3*k - 175 = 239. Let y = 323 - k. Let j = 329 - y. What is the highest common divisor of 24 and j?
24
Suppose -2*w = 2*l - 5546 - 388, 0 = -w - 4*l + 2988. What is the highest common divisor of w and 160?
80
Let c(h) = -96*h + 1063. Let r be c(11). Calculate the highest common factor of r and 91.
7
Let a = 5744 + -1553. What is the highest common divisor of 33 and a?
33
Let l = -10644 - -10710. Let y be (2/(-2))/(-1) - -109. What is the greatest common divisor of y and l?
22
Let t be (10290/15)/(6/69). What is the highest common divisor of t and 161?
161
Let l be (-18)/(-8)*(1528/24 + 3). Let x be -1 + (-1 - 1)/((-12)/l). Calculate the greatest common factor of 324 and x.
12
Suppose 0 = 2*m + 18, -504*f + 2*m + 65068 = -499*f. What is the highest common divisor of 10 and f?
10
Let s = 347 - 67. Let m be 4 + s/(-64) - 131/(-8). Suppose j + 2*u - 122 = 0, 4*j - 2*u + 3*u = 509. Calculate the highest common factor of j and m.
16
Suppose -2*z + 490 = 2*f, 0 = 5*f - f - 5*z - 1007. Calculate the highest common factor of 1829 and f.
31
Let c(v) = -2*v**3 - 24*v**2 + 13*v + 30. Let h be c(-11). Let l be (-1 - h) + 1/(6/(-18)). What is the greatest common divisor of 39 and l?
39
Suppose 238 = 5*o + 1103. Let b = o + 200. Let r be (45/(-2))/5*-4. Calculate the highest common factor of r and b.
9
Let z be 1/((-3)/(-60)*-4). Let u(d) = d**3 + 8*d**2 + 3*d - 6. Let c be u(z). Calculate the greatest common factor of c and 2.
2
Let y(t) = 8 + 5 - 2*t + 26*t + 2 + 7. Let s be y(2). Calculate the highest common factor of s and 112.
14
Suppose 232 + 730 = 2*z + 3*y, -3*z - 2*y + 1443 = 0. Let t = -457 + z. Calculate the highest common divisor of t and 300.
12
Suppose 0 = 79*n - 82*n - 4*l + 1395, 940 = 2*n + l. Calculate the highest common divisor of 172 and n.
43
Let o(x) = 28*x**2 + 239*x + 124. Let d be o(-8). Calculate the greatest common factor of 3618 and d.
2
Let g = -78 + 21. Let u = g + 99. What is the greatest common divisor of 24 and u?
6
Suppose 0 = -9*u + 973 + 701. Suppose 3*x - u = -4*n + 58, -2*n = -4*x + 340. What is the greatest common factor of x and 28?
28
Suppose 220*g - 72 = 211*g. Calculate the greatest common factor of 44 and g.
4
Let p be ((-45)/6*(-15)/(-75))/(1/(-528)). Let b be 4*(-22)/(-4) - 0. What is the greatest common divisor of p and b?
22
Suppose -13*m + 2611 = -1200 - 3547. Calculate the greatest common divisor of 16697 and m.
283
Let y(s) = 209*s - 9. Let a be y(-3). Let w = 804 + a. What is the highest common divisor of 42 and w?
42
Let a be (4/(-5))/(2/655). Suppose 0 = -2802*r + 2783*r - 57. Let p be (-3 - a)/(r - -4). Calculate the greatest common factor of p and 37.
37
Let h be 454 + (-1 - (-2 - -4)). Let s = 47 - 110. Let d = s - -104. What is the greatest common divisor of d and h?
41
Let t(a) = 25*a + 3. Let z be t(6). Let m = -1460 - -1494. What is the greatest common divisor of z and m?
17
Let f(p) = -p**2 + 25*p 